{"id":4389,"date":"2015-12-18T14:43:35","date_gmt":"2015-12-18T14:43:35","guid":{"rendered":"http:\/\/greydogs.ee\/2015\/?page_id=4389"},"modified":"2020-12-05T16:11:13","modified_gmt":"2020-12-05T14:11:13","slug":"koerad","status":"publish","type":"page","link":"https:\/\/greydogs.ee\/2015\/koerad\/","title":{"rendered":"Koerad\/\u0421\u043e\u0431\u0430\u043a\u0438"},"content":{"rendered":"<style type=\"text\/css\"> \n#cmsms_row_69df3b56361310_10072791 .cmsms_row_outer_parent { \n\tpadding-top: 0px; \n} \n\n#cmsms_row_69df3b56361310_10072791 .cmsms_row_outer_parent { \n\tpadding-bottom: 50px; \n} \n\n \n#cmsms_row_69df3b56361809_70858003 .cmsms_row_outer_parent { \n\tpadding-top: 0px; \n} \n\n#cmsms_row_69df3b56361809_70858003 .cmsms_row_outer_parent { \n\tpadding-bottom: 50px; \n} \n\n \n#cmsms_heading_69df3b56361de7_58049607 { \n\ttext-align:center; \n\tmargin-top:0px; \n\tmargin-bottom:20px; \n} \n\n#cmsms_heading_69df3b56361de7_58049607 .cmsms_heading { \n\ttext-align:center; \n} \n\n#cmsms_heading_69df3b56361de7_58049607 .cmsms_heading, #cmsms_heading_69df3b56361de7_58049607 .cmsms_heading a { \n\tfont-weight:normal; \n\tfont-style:normal; \n\tcolor:#8e393d; color:rgba(142, 57, 61, 1);\n} \n\n#cmsms_heading_69df3b56361de7_58049607 .cmsms_heading_divider { \n} \n\n \n#cmsms_row_69df3b56362184_28996682 { \n\tbackground-color:#ffffff; background-color:rgba(255, 255, 255, 1);\n} \n\n#cmsms_row_69df3b56362184_28996682 .cmsms_row_outer_parent { \n\tpadding-top: 0px; \n} \n\n#cmsms_row_69df3b56362184_28996682 .cmsms_row_outer_parent { \n\tpadding-bottom: 50px; \n} \n\n \n#cmsms_row_69df3b563657d6_79995763 .cmsms_row_outer_parent { \n\tpadding-top: 0px; \n} \n\n#cmsms_row_69df3b563657d6_79995763 .cmsms_row_outer_parent { \n\tpadding-bottom: 50px; \n} \n\n \n#cmsms_heading_69df3b56365c99_29886997 { \n\ttext-align:center; \n\tmargin-top:0px; \n\tmargin-bottom:20px; \n} \n\n#cmsms_heading_69df3b56365c99_29886997 .cmsms_heading { \n\ttext-align:center; \n} \n\n#cmsms_heading_69df3b56365c99_29886997 .cmsms_heading, #cmsms_heading_69df3b56365c99_29886997 .cmsms_heading a { \n\tfont-weight:normal; \n\tfont-style:normal; \n\tcolor:#8e393d; color:rgba(142, 57, 61, 1);\n} \n\n#cmsms_heading_69df3b56365c99_29886997 .cmsms_heading_divider { \n} \n\n<\/style><div id=\"cmsms_row_69df3b56361310_10072791\" class=\"cmsms_row cmsms_color_scheme_default\">\n<div class=\"cmsms_row_outer_parent\">\n<div class=\"cmsms_row_outer\">\n<div class=\"cmsms_row_inner\">\n<div class=\"cmsms_row_margin\">\n<div class=\"cmsms_column one_first\">\n<\/div>\n<\/div>\n<\/div>\n<\/div>\n<\/div>\n<\/div>\n<div id=\"cmsms_row_69df3b56361809_70858003\" class=\"cmsms_row cmsms_color_scheme_default\">\n<div class=\"cmsms_row_outer_parent\">\n<div class=\"cmsms_row_outer\">\n<div class=\"cmsms_row_inner\">\n<div class=\"cmsms_row_margin\">\n<div class=\"cmsms_column one_first\">\n\n<div id=\"cmsms_heading_69df3b56361de7_58049607\" class=\"cmsms_heading_wrap cmsms_heading_align_center\">\n\t<h3 class=\"cmsms_heading\">Saa tuttavaks meie koertega\/\u041f\u043e\u0437\u043d\u0430\u043a\u043e\u043c\u0441\u044f \u0441 \u043d\u0430\u0448\u0438\u043c\u0438 \u0441\u043e\u0431\u0430\u043a\u0430\u043c\u0438<\/h3>\n<\/div>\n<\/div>\n<\/div>\n<\/div>\n<\/div>\n<\/div>\n<\/div>\n<div id=\"cmsms_row_69df3b56362184_28996682\" class=\"cmsms_row cmsms_color_scheme_default\">\n<div class=\"cmsms_row_outer_parent\">\n<div class=\"cmsms_row_outer\">\n<div class=\"cmsms_row_inner\">\n<div class=\"cmsms_row_margin\">\n<div class=\"cmsms_column three_fourth\">\n<div class=\"cmsms_text\">\n<p><strong>T\u00e4htis!<\/strong> Looma ei anta uude koju enne, kui on m\u00f6\u00f6dunud\u00a014 p\u00e4eva looma sattumisest varjupaika. Kui Te olete m\u00f5nest loomast huvitatud, siis palun v\u00f5tke meiega<a href=\"mailto:greydogs2000@mail.ru\"> e-maili <\/a>teel \u00fchendust ning me vastame Teile esimesel v\u00f5imalusel.<\/p>\n<p><strong>\u0412\u0430\u0436\u043d\u043e!<\/strong> \u0412 \u0442\u0435\u0447\u0435\u043d\u0438\u0438 14 \u0434\u043d\u0435\u0439 \u0441\u043e \u0434\u043d\u044f \u043f\u043e\u0441\u0442\u0443\u043f\u043b\u0435\u043d\u0438\u044f \u0432 \u043f\u0440\u0438\u044e\u0442, \u0441\u043e\u0431\u0430\u043a\u0430 \u043d\u0435 \u043e\u0442\u0434\u0430\u0435\u0442\u0441\u044f \u0432 \u043d\u043e\u0432\u044b\u0439 \u0434\u043e\u043c. \u0415\u0441\u043b\u0438 \u0412\u044b \u0437\u0430\u0438\u043d\u0442\u0435\u0440\u0435\u0441\u043e\u0432\u0430\u043d\u044b \u0432 \u043a\u0430\u043a\u043e\u043c \u043b\u0438\u0431\u043e \u0436\u0438\u0432\u043e\u0442\u043d\u043e\u043c, \u043d\u0430\u043f\u0438\u0448\u0438\u0442\u0435 \u043d\u0430\u043c \u043d\u0430 <a href=\"mailto:greydogs2000@mail.ru\">\u044d\u043b. \u043f\u043e\u0447\u0442\u0443<\/a> \u00a0\u0438 \u043c\u044b \u043e\u0442\u0432\u0435\u0442\u0438\u043c \u0412\u0430\u043c \u043f\u0440\u0438 \u043f\u0435\u0440\u0432\u043e\u0439 \u0432\u043e\u0437\u043c\u043e\u0436\u043d\u043e\u0441\u0442\u0438.<\/p>\n<p>&nbsp;<\/p>\n<\/div>\n<\/div>\n<div class=\"cmsms_column one_fourth\">\n<div class=\"aligncenter\">\n<div class=\"cmsms_img  cmsms_image_c\">\n<a href=\"http:\/\/greydogs.ee\/2015\/wp-content\/uploads\/2015\/12\/Comp_67389277.jpg\"><img decoding=\"async\" src=\"https:\/\/greydogs.ee\/2015\/wp-content\/uploads\/2015\/12\/Comp_67389277-300x225.jpg\" \/><\/a>\n<\/div>\n<\/div>\n<\/div>\n<\/div>\n<\/div>\n<\/div>\n<\/div>\n<\/div>\n<div id=\"cmsms_row_69df3b563657d6_79995763\" class=\"cmsms_row cmsms_color_scheme_default\">\n<div class=\"cmsms_row_outer_parent\">\n<div class=\"cmsms_row_outer\">\n<div class=\"cmsms_row_inner\">\n<div class=\"cmsms_row_margin\">\n<div class=\"cmsms_column one_first\">\n\n<div id=\"cmsms_heading_69df3b56365c99_29886997\" class=\"cmsms_heading_wrap cmsms_heading_align_center\">\n\t<h3 class=\"cmsms_heading\">Koerad varjupaigas\/\u0421\u043e\u0431\u0430\u043a\u0438 \u0432 \u043f\u0440\u0438\u044e\u0442\u0435 <\/h3>\n<\/div><div class=\"cmsms_wrap_portfolio entry-summary\" id=\"portfolio_69df3b56365f34_07102911\">\r\n<script type=\"text\/javascript\">\r\njQuery(document).ready(function () {\r\n\t(function ($) {\r\n\t\tif ($('#portfolio_69df3b56365f34_07102911').find('article').length == '0') {\r\n\t\t\treturn false;\r\n\t\t}\r\n\t\t\r\n\t\r\n\t\tstartPortfolio( \r\n\t\t\t'69df3b56365f34_07102911', \r\n\t\t\t'grid', \r\n\t\t\t'perfect', \r\n\t\t\t'https:\/\/greydogs.ee\/2015\/wp-content\/plugins\/cmsms-content-composer\/', \r\n\t\t\t'date', \r\n\t\t\t'DESC', \r\n\t\t\t'8', \r\n\t\t\t'koerad', \r\n\t\t\t'title' \r\n\t\t);\r\n\t} )(jQuery);\r\n} );\r\n<\/script>\r\n<div class=\"portfolio grid large_gap perfect cmsms_4\">\n<!--_________________________ Start Standard Project _________________________ -->\n\n<article id=\"post-170972\" class=\"post-170972 project type-project status-publish format-standard has-post-thumbnail hentry pj-categs-koerad\" data-category=\"koerad\">\n\t<div class=\"project_outer\">\n\t<figure class=\"cmsms_img_rollover_wrap preloader\"><img loading=\"lazy\" decoding=\"async\" width=\"580\" height=\"460\" src=\"https:\/\/greydogs.ee\/2015\/wp-content\/uploads\/2026\/03\/IMG_2630-580x460.jpeg\" class=\"full-width wp-post-image\" alt=\"2520 broneeritud\" title=\"2520 broneeritud\" \/><div class=\"cmsms_img_rollover\"><a href=\"https:\/\/greydogs.ee\/2015\/project\/shablon-2-253-56\/\" title=\"2520 broneeritud\" class=\"cmsms_open_post_link\"><\/a><\/div><\/figure><div class=\"project_inner\"><header class=\"cmsms_project_header entry-header\"><h6 class=\"cmsms_project_title entry-title\"><a href=\"https:\/\/greydogs.ee\/2015\/project\/shablon-2-253-56\/\">2520 broneeritud<\/a><\/h6><\/header><\/div><span class=\"dn meta-date\">20260319113954<\/span>\t\t<div class=\"cl\"><\/div>\n\t<\/div>\n<\/article>\n<!--_________________________ Finish Standard Project _________________________ -->\n\n\n<!--_________________________ Start Gallery Project _________________________ -->\n\n<article id=\"post-170809\" class=\"post-170809 project type-project status-publish format-gallery has-post-thumbnail hentry pj-categs-koerad\" data-category=\"koerad\">\n\t<div class=\"project_outer\">\n\t<figure class=\"cmsms_img_rollover_wrap preloader\"><img loading=\"lazy\" decoding=\"async\" width=\"580\" height=\"460\" src=\"https:\/\/greydogs.ee\/2015\/wp-content\/uploads\/2026\/02\/IMG_5021-580x460.jpg\" class=\"full-width wp-post-image\" alt=\"2517\" title=\"2517\" \/><div class=\"cmsms_img_rollover\"><a href=\"https:\/\/greydogs.ee\/2015\/project\/shablon-2-253-53\/\" title=\"2517\" class=\"cmsms_open_post_link\"><\/a><\/div><\/figure><div class=\"dn\"><figure><a href=\"https:\/\/greydogs.ee\/2015\/wp-content\/uploads\/2026\/02\/IMG_2284.jpeg\" rel=\"ilightbox[170809_69df3b5638398]\" title=\"2517\" class=\"preloader highImg\"><img loading=\"lazy\" decoding=\"async\" width=\"640\" height=\"480\" src=\"https:\/\/greydogs.ee\/2015\/wp-content\/uploads\/2026\/02\/IMG_2284.jpeg\" class=\"full-width\" alt=\"2517\" title=\"2517\" srcset=\"https:\/\/greydogs.ee\/2015\/wp-content\/uploads\/2026\/02\/IMG_2284.jpeg 640w, https:\/\/greydogs.ee\/2015\/wp-content\/uploads\/2026\/02\/IMG_2284-300x225.jpeg 300w, https:\/\/greydogs.ee\/2015\/wp-content\/uploads\/2026\/02\/IMG_2284-580x435.jpeg 580w\" sizes=\"auto, (max-width: 640px) 100vw, 640px\" \/><\/a><\/figure><figure><a href=\"https:\/\/greydogs.ee\/2015\/wp-content\/uploads\/2026\/02\/IMG_5021.jpg\" rel=\"ilightbox[170809_69df3b5638398]\" title=\"2517\" class=\"preloader highImg\"><img loading=\"lazy\" decoding=\"async\" width=\"1000\" height=\"739\" src=\"https:\/\/greydogs.ee\/2015\/wp-content\/uploads\/2026\/02\/IMG_5021.jpg\" class=\"full-width\" alt=\"2517\" title=\"2517\" srcset=\"https:\/\/greydogs.ee\/2015\/wp-content\/uploads\/2026\/02\/IMG_5021.jpg 1000w, https:\/\/greydogs.ee\/2015\/wp-content\/uploads\/2026\/02\/IMG_5021-300x222.jpg 300w, https:\/\/greydogs.ee\/2015\/wp-content\/uploads\/2026\/02\/IMG_5021-768x568.jpg 768w, https:\/\/greydogs.ee\/2015\/wp-content\/uploads\/2026\/02\/IMG_5021-580x429.jpg 580w, https:\/\/greydogs.ee\/2015\/wp-content\/uploads\/2026\/02\/IMG_5021-820x606.jpg 820w\" sizes=\"auto, (max-width: 1000px) 100vw, 1000px\" \/><\/a><\/figure><figure><a href=\"https:\/\/greydogs.ee\/2015\/wp-content\/uploads\/2026\/02\/IMG_5012.jpg\" rel=\"ilightbox[170809_69df3b5638398]\" title=\"2517\" class=\"preloader highImg\"><img loading=\"lazy\" decoding=\"async\" width=\"1000\" height=\"797\" src=\"https:\/\/greydogs.ee\/2015\/wp-content\/uploads\/2026\/02\/IMG_5012.jpg\" class=\"full-width\" alt=\"2517\" title=\"2517\" srcset=\"https:\/\/greydogs.ee\/2015\/wp-content\/uploads\/2026\/02\/IMG_5012.jpg 1000w, https:\/\/greydogs.ee\/2015\/wp-content\/uploads\/2026\/02\/IMG_5012-300x239.jpg 300w, https:\/\/greydogs.ee\/2015\/wp-content\/uploads\/2026\/02\/IMG_5012-768x612.jpg 768w, https:\/\/greydogs.ee\/2015\/wp-content\/uploads\/2026\/02\/IMG_5012-580x462.jpg 580w, https:\/\/greydogs.ee\/2015\/wp-content\/uploads\/2026\/02\/IMG_5012-820x654.jpg 820w\" sizes=\"auto, (max-width: 1000px) 100vw, 1000px\" \/><\/a><\/figure><\/div><div class=\"project_inner\"><header class=\"cmsms_project_header entry-header\"><h6 class=\"cmsms_project_title entry-title\"><a href=\"https:\/\/greydogs.ee\/2015\/project\/shablon-2-253-53\/\">2517<\/a><\/h6><\/header><\/div><span class=\"dn meta-date\">20260213123454<\/span>\t\t<div class=\"cl\"><\/div>\n\t<\/div>\n<\/article>\n<!--_________________________ Finish Gallery Project _________________________ -->\n\n\n<!--_________________________ Start Gallery Project _________________________ -->\n\n<article id=\"post-170618\" class=\"post-170618 project type-project status-publish format-gallery has-post-thumbnail hentry pj-categs-koerad\" data-category=\"koerad\">\n\t<div class=\"project_outer\">\n\t<figure class=\"cmsms_img_rollover_wrap preloader\"><img loading=\"lazy\" decoding=\"async\" width=\"580\" height=\"460\" src=\"https:\/\/greydogs.ee\/2015\/wp-content\/uploads\/2026\/01\/IMG_4946-580x460.jpg\" class=\"full-width wp-post-image\" alt=\"2515\" title=\"2515\" \/><div class=\"cmsms_img_rollover\"><a href=\"https:\/\/greydogs.ee\/2015\/project\/shablon-2-253-46\/\" title=\"2515\" class=\"cmsms_open_post_link\"><\/a><\/div><\/figure><div class=\"dn\"><figure><a href=\"https:\/\/greydogs.ee\/2015\/wp-content\/uploads\/2026\/01\/IMG_2079.jpeg\" rel=\"ilightbox[170618_69df3b5639243]\" title=\"2515\" class=\"preloader highImg\"><img loading=\"lazy\" decoding=\"async\" width=\"640\" height=\"500\" src=\"https:\/\/greydogs.ee\/2015\/wp-content\/uploads\/2026\/01\/IMG_2079.jpeg\" class=\"full-width\" alt=\"2515\" title=\"2515\" srcset=\"https:\/\/greydogs.ee\/2015\/wp-content\/uploads\/2026\/01\/IMG_2079.jpeg 640w, https:\/\/greydogs.ee\/2015\/wp-content\/uploads\/2026\/01\/IMG_2079-300x234.jpeg 300w, https:\/\/greydogs.ee\/2015\/wp-content\/uploads\/2026\/01\/IMG_2079-580x453.jpeg 580w\" sizes=\"auto, (max-width: 640px) 100vw, 640px\" \/><\/a><\/figure><figure><a href=\"https:\/\/greydogs.ee\/2015\/wp-content\/uploads\/2026\/01\/IMG_4946.jpg\" rel=\"ilightbox[170618_69df3b5639243]\" title=\"2515\" class=\"preloader highImg\"><img loading=\"lazy\" decoding=\"async\" width=\"1000\" height=\"667\" src=\"https:\/\/greydogs.ee\/2015\/wp-content\/uploads\/2026\/01\/IMG_4946.jpg\" class=\"full-width\" alt=\"2515\" title=\"2515\" srcset=\"https:\/\/greydogs.ee\/2015\/wp-content\/uploads\/2026\/01\/IMG_4946.jpg 1000w, https:\/\/greydogs.ee\/2015\/wp-content\/uploads\/2026\/01\/IMG_4946-300x200.jpg 300w, https:\/\/greydogs.ee\/2015\/wp-content\/uploads\/2026\/01\/IMG_4946-768x512.jpg 768w, https:\/\/greydogs.ee\/2015\/wp-content\/uploads\/2026\/01\/IMG_4946-580x387.jpg 580w, https:\/\/greydogs.ee\/2015\/wp-content\/uploads\/2026\/01\/IMG_4946-820x547.jpg 820w\" sizes=\"auto, (max-width: 1000px) 100vw, 1000px\" \/><\/a><\/figure><figure><a href=\"https:\/\/greydogs.ee\/2015\/wp-content\/uploads\/2026\/01\/IMG_4942.jpg\" rel=\"ilightbox[170618_69df3b5639243]\" title=\"2515\" class=\"preloader highImg\"><img loading=\"lazy\" decoding=\"async\" width=\"1000\" height=\"694\" src=\"https:\/\/greydogs.ee\/2015\/wp-content\/uploads\/2026\/01\/IMG_4942.jpg\" class=\"full-width\" alt=\"2515\" title=\"2515\" srcset=\"https:\/\/greydogs.ee\/2015\/wp-content\/uploads\/2026\/01\/IMG_4942.jpg 1000w, https:\/\/greydogs.ee\/2015\/wp-content\/uploads\/2026\/01\/IMG_4942-300x208.jpg 300w, https:\/\/greydogs.ee\/2015\/wp-content\/uploads\/2026\/01\/IMG_4942-768x533.jpg 768w, https:\/\/greydogs.ee\/2015\/wp-content\/uploads\/2026\/01\/IMG_4942-580x403.jpg 580w, https:\/\/greydogs.ee\/2015\/wp-content\/uploads\/2026\/01\/IMG_4942-820x569.jpg 820w\" sizes=\"auto, (max-width: 1000px) 100vw, 1000px\" \/><\/a><\/figure><\/div><div class=\"project_inner\"><header class=\"cmsms_project_header entry-header\"><h6 class=\"cmsms_project_title entry-title\"><a href=\"https:\/\/greydogs.ee\/2015\/project\/shablon-2-253-46\/\">2515<\/a><\/h6><\/header><\/div><span class=\"dn meta-date\">20260114111220<\/span>\t\t<div class=\"cl\"><\/div>\n\t<\/div>\n<\/article>\n<!--_________________________ Finish Gallery Project _________________________ -->\n\n<\/div><div class=\"cmsms_wrap_more_projects cmsms_wrap_more_items\"><\/div><\/div>\n<\/div>\n<\/div>\n<\/div>\n<\/div>\n<\/div>\n<\/div>\n\n","protected":false},"excerpt":{"rendered":"","protected":false},"author":1,"featured_media":0,"parent":0,"menu_order":0,"comment_status":"closed","ping_status":"closed","template":"","meta":{"footnotes":""},"class_list":["post-4389","page","type-page","status-publish","hentry"],"_links":{"self":[{"href":"https:\/\/greydogs.ee\/2015\/wp-json\/wp\/v2\/pages\/4389","targetHints":{"allow":["GET"]}}],"collection":[{"href":"https:\/\/greydogs.ee\/2015\/wp-json\/wp\/v2\/pages"}],"about":[{"href":"https:\/\/greydogs.ee\/2015\/wp-json\/wp\/v2\/types\/page"}],"author":[{"embeddable":true,"href":"https:\/\/greydogs.ee\/2015\/wp-json\/wp\/v2\/users\/1"}],"replies":[{"embeddable":true,"href":"https:\/\/greydogs.ee\/2015\/wp-json\/wp\/v2\/comments?post=4389"}],"version-history":[{"count":2,"href":"https:\/\/greydogs.ee\/2015\/wp-json\/wp\/v2\/pages\/4389\/revisions"}],"predecessor-version":[{"id":144361,"href":"https:\/\/greydogs.ee\/2015\/wp-json\/wp\/v2\/pages\/4389\/revisions\/144361"}],"wp:attachment":[{"href":"https:\/\/greydogs.ee\/2015\/wp-json\/wp\/v2\/media?parent=4389"}],"curies":[{"name":"wp","href":"https:\/\/api.w.org\/{rel}","templated":true}]}}