{"id":4347,"date":"2015-12-17T11:13:52","date_gmt":"2015-12-17T11:13:52","guid":{"rendered":"http:\/\/greydogs.ee\/2015\/?page_id=4347"},"modified":"2020-12-05T15:54:25","modified_gmt":"2020-12-05T13:54:25","slug":"kassid","status":"publish","type":"page","link":"https:\/\/greydogs.ee\/2015\/kassid\/","title":{"rendered":"Kassid\/\u041a\u043e\u0448\u043a\u0438"},"content":{"rendered":"<style type=\"text\/css\"> \n#cmsms_row_69df2698baeb75_93744341 .cmsms_row_outer_parent { \n\tpadding-top: 0px; \n} \n\n#cmsms_row_69df2698baeb75_93744341 .cmsms_row_outer_parent { \n\tpadding-bottom: 50px; \n} \n\n \n#cmsms_row_69df2698baee95_95662641 .cmsms_row_outer_parent { \n\tpadding-top: 0px; \n} \n\n#cmsms_row_69df2698baee95_95662641 .cmsms_row_outer_parent { \n\tpadding-bottom: 50px; \n} \n\n \n#cmsms_heading_69df2698baf230_20461289 { \n\ttext-align:center; \n\tmargin-top:0px; \n\tmargin-bottom:20px; \n} \n\n#cmsms_heading_69df2698baf230_20461289 .cmsms_heading { \n\ttext-align:center; \n} \n\n#cmsms_heading_69df2698baf230_20461289 .cmsms_heading, #cmsms_heading_69df2698baf230_20461289 .cmsms_heading a { \n\tfont-weight:normal; \n\tfont-style:normal; \n\tcolor:#8e393d; color:rgba(142, 57, 61, 1);\n} \n\n#cmsms_heading_69df2698baf230_20461289 .cmsms_heading_divider { \n} \n\n \n#cmsms_heading_69df2698baf3b3_04683124 { \n\ttext-align:left; \n\tmargin-top:0px; \n\tmargin-bottom:20px; \n} \n\n#cmsms_heading_69df2698baf3b3_04683124 .cmsms_heading { \n\ttext-align:left; \n} \n\n#cmsms_heading_69df2698baf3b3_04683124 .cmsms_heading, #cmsms_heading_69df2698baf3b3_04683124 .cmsms_heading a { \n\tfont-weight:normal; \n\tfont-style:normal; \n} \n\n#cmsms_heading_69df2698baf3b3_04683124 .cmsms_heading_divider { \n} \n\n \n#cmsms_row_69df2698baf5b0_85946821 { \n\tbackground-color:#ffffff; background-color:rgba(255, 255, 255, 1);\n} \n\n#cmsms_row_69df2698baf5b0_85946821 .cmsms_row_outer_parent { \n\tpadding-top: 0px; \n} \n\n#cmsms_row_69df2698baf5b0_85946821 .cmsms_row_outer_parent { \n\tpadding-bottom: 50px; \n} \n\n \n#cmsms_row_69df2698bb3175_30838453 .cmsms_row_outer_parent { \n\tpadding-top: 0px; \n} \n\n#cmsms_row_69df2698bb3175_30838453 .cmsms_row_outer_parent { \n\tpadding-bottom: 50px; \n} \n\n \n#cmsms_heading_69df2698bb3459_66157795 { \n\ttext-align:center; \n\tmargin-top:0px; \n\tmargin-bottom:20px; \n} \n\n#cmsms_heading_69df2698bb3459_66157795 .cmsms_heading { \n\ttext-align:center; \n} \n\n#cmsms_heading_69df2698bb3459_66157795 .cmsms_heading, #cmsms_heading_69df2698bb3459_66157795 .cmsms_heading a { \n\tfont-weight:normal; \n\tfont-style:normal; \n\tcolor:#8e393d; color:rgba(142, 57, 61, 1);\n} \n\n#cmsms_heading_69df2698bb3459_66157795 .cmsms_heading_divider { \n} \n\n \n#cmsms_row_69df2698bb3640_81234400 .cmsms_row_outer_parent { \n\tpadding-top: 0px; \n} \n\n#cmsms_row_69df2698bb3640_81234400 .cmsms_row_outer_parent { \n\tpadding-bottom: 50px; \n} \n\n<\/style><div id=\"cmsms_row_69df2698baeb75_93744341\" class=\"cmsms_row cmsms_color_scheme_default\">\n<div class=\"cmsms_row_outer_parent\">\n<div class=\"cmsms_row_outer\">\n<div class=\"cmsms_row_inner\">\n<div class=\"cmsms_row_margin\">\n<div class=\"cmsms_column one_first\">\n<\/div>\n<\/div>\n<\/div>\n<\/div>\n<\/div>\n<\/div>\n<div id=\"cmsms_row_69df2698baee95_95662641\" class=\"cmsms_row cmsms_color_scheme_default\">\n<div class=\"cmsms_row_outer_parent\">\n<div class=\"cmsms_row_outer\">\n<div class=\"cmsms_row_inner\">\n<div class=\"cmsms_row_margin\">\n<div class=\"cmsms_column one_first\">\n\n<div id=\"cmsms_heading_69df2698baf230_20461289\" class=\"cmsms_heading_wrap cmsms_heading_align_center\">\n\t<h3 class=\"cmsms_heading\">Saa tuttavaks meie kassidega\/\u041f\u043e\u0437\u043d\u0430\u043a\u043e\u043c\u0441\u044f \u0441 \u043d\u0430\u0448\u0438\u043c\u0438 \u043a\u043e\u0448\u043a\u0430\u043c\u0438<\/h3>\n<\/div>\n<div id=\"cmsms_heading_69df2698baf3b3_04683124\" class=\"cmsms_heading_wrap cmsms_heading_align_left\">\n\t<h1 class=\"cmsms_heading\">Saa tuttavaks meie kassidega\/\u041f\u043e\u0437\u043d\u0430\u043a\u043e\u043c\u0441\u044f \u0441 \u043d\u0430\u0448\u0438\u043c\u0438 \u043a\u043e\u0448\u043a\u0430\u043c\u0438<\/h1>\n<\/div>\n<\/div>\n<\/div>\n<\/div>\n<\/div>\n<\/div>\n<\/div>\n<div id=\"cmsms_row_69df2698baf5b0_85946821\" class=\"cmsms_row cmsms_color_scheme_default\">\n<div class=\"cmsms_row_outer_parent\">\n<div class=\"cmsms_row_outer\">\n<div class=\"cmsms_row_inner\">\n<div class=\"cmsms_row_margin\">\n<div class=\"cmsms_column three_fourth\">\n<div class=\"cmsms_text\">\n<p><strong>T\u00e4htis!<\/strong> Looma ei anta uude koju enne, kui on m\u00f6\u00f6dunud&nbsp;14 p\u00e4eva looma sattumisest varjupaika. Kui Te olete m\u00f5nest loomast huvitatud, siis palun v\u00f5tke meiega<a href=\"mailto:greydogs2000@mail.ru\"> e-maili <\/a>teel \u00fchendust ning me vastame Teile esimesel v\u00f5imalusel.<\/p>\n<p><strong>\u0412\u0430\u0436\u043d\u043e!<\/strong> \u0412 \u0442\u0435\u0447\u0435\u043d\u0438\u0438 14 \u0434\u043d\u0435\u0439 \u0441\u043e \u0434\u043d\u044f \u043f\u043e\u0441\u0442\u0443\u043f\u043b\u0435\u043d\u0438\u044f \u0432 \u043f\u0440\u0438\u044e\u0442, \u043a\u043e\u0448\u043a\u0430&nbsp;\u043d\u0435 \u043e\u0442\u0434\u0430\u0435\u0442\u0441\u044f \u0432 \u043d\u043e\u0432\u044b\u0439 \u0434\u043e\u043c. \u0415\u0441\u043b\u0438 \u0412\u044b \u0437\u0430\u0438\u043d\u0442\u0435\u0440\u0435\u0441\u043e\u0432\u0430\u043d\u044b \u0432 \u043a\u0430\u043a\u043e\u043c \u043b\u0438\u0431\u043e \u0436\u0438\u0432\u043e\u0442\u043d\u043e\u043c, \u043d\u0430\u043f\u0438\u0448\u0438\u0442\u0435 \u043d\u0430\u043c \u043d\u0430 <a href=\"mailto:greydogs2000@mail.ru\">\u044d\u043b. \u043f\u043e\u0447\u0442\u0443<\/a> &nbsp;\u0438 \u043c\u044b \u043e\u0442\u0432\u0435\u0442\u0438\u043c \u0412\u0430\u043c \u043f\u0440\u0438 \u043f\u0435\u0440\u0432\u043e\u0439 \u0432\u043e\u0437\u043c\u043e\u0436\u043d\u043e\u0441\u0442\u0438.<\/p>\n<\/div>\n<\/div>\n<div class=\"cmsms_column one_fourth\">\n<div class=\"aligncenter\">\n<div class=\"cmsms_img  cmsms_image_c\">\n<a href=\"http:\/\/greydogs.ee\/2015\/wp-content\/uploads\/2015\/12\/Comp_79516981.jpg\"><img decoding=\"async\" src=\"https:\/\/greydogs.ee\/2015\/wp-content\/uploads\/2015\/12\/Comp_79516981-300x240.jpg\" \/><\/a>\n<\/div>\n<\/div>\n<\/div>\n<\/div>\n<\/div>\n<\/div>\n<\/div>\n<\/div>\n<div id=\"cmsms_row_69df2698bb3175_30838453\" class=\"cmsms_row cmsms_color_scheme_default\">\n<div class=\"cmsms_row_outer_parent\">\n<div class=\"cmsms_row_outer\">\n<div class=\"cmsms_row_inner\">\n<div class=\"cmsms_row_margin\">\n<div class=\"cmsms_column one_first\">\n\n<div id=\"cmsms_heading_69df2698bb3459_66157795\" class=\"cmsms_heading_wrap cmsms_heading_align_center\">\n\t<h3 class=\"cmsms_heading\">Kassid varjupaigas\/K\u043e\u0448\u043a\u0438 \u0432 \u043f\u0440\u0438\u044e\u0442\u0435<\/h3>\n<\/div>\n<\/div>\n<\/div>\n<\/div>\n<\/div>\n<\/div>\n<\/div>\n<div id=\"cmsms_row_69df2698bb3640_81234400\" class=\"cmsms_row cmsms_color_scheme_default\">\n<div class=\"cmsms_row_outer_parent\">\n<div class=\"cmsms_row_outer\">\n<div class=\"cmsms_row_inner\">\n<div class=\"cmsms_row_margin\">\n<div class=\"cmsms_column one_first\">\n<div class=\"cmsms_wrap_portfolio entry-summary\" id=\"portfolio_69df2698bb38f3_30772450\">\r\n<script type=\"text\/javascript\">\r\njQuery(document).ready(function () {\r\n\t(function ($) {\r\n\t\tif ($('#portfolio_69df2698bb38f3_30772450').find('article').length == '0') {\r\n\t\t\treturn false;\r\n\t\t}\r\n\t\t\r\n\t\r\n\t\tstartPortfolio( \r\n\t\t\t'69df2698bb38f3_30772450', \r\n\t\t\t'grid', \r\n\t\t\t'perfect', \r\n\t\t\t'https:\/\/greydogs.ee\/2015\/wp-content\/plugins\/cmsms-content-composer\/', \r\n\t\t\t'date', \r\n\t\t\t'DESC', \r\n\t\t\t'8', \r\n\t\t\t'kassid', \r\n\t\t\t'title' \r\n\t\t);\r\n\t} )(jQuery);\r\n} );\r\n<\/script>\r\n<div class=\"portfolio grid large_gap perfect cmsms_4\">\n<!--_________________________ Start Standard Project _________________________ -->\n\n<article id=\"post-171218\" class=\"post-171218 project type-project status-publish format-standard has-post-thumbnail hentry pj-categs-kassid\" data-category=\"kassid\">\n\t<div class=\"project_outer\">\n\t<figure class=\"cmsms_img_rollover_wrap preloader\"><img loading=\"lazy\" decoding=\"async\" width=\"580\" height=\"437\" src=\"https:\/\/greydogs.ee\/2015\/wp-content\/uploads\/2026\/04\/IMG_2812-580x437.jpeg\" class=\"full-width wp-post-image\" alt=\"5771\" title=\"5771\" \/><div class=\"cmsms_img_rollover\"><a href=\"https:\/\/greydogs.ee\/2015\/project\/shablon-2-253-54\/\" title=\"5771\" class=\"cmsms_open_post_link\"><\/a><\/div><\/figure><div class=\"project_inner\"><header class=\"cmsms_project_header entry-header\"><h6 class=\"cmsms_project_title entry-title\"><a href=\"https:\/\/greydogs.ee\/2015\/project\/shablon-2-253-54\/\">5771<\/a><\/h6><\/header><\/div><span class=\"dn meta-date\">20260414133017<\/span>\t\t<div class=\"cl\"><\/div>\n\t<\/div>\n<\/article>\n<!--_________________________ Finish Standard Project _________________________ -->\n\n\n<!--_________________________ Start Standard Project _________________________ -->\n\n<article id=\"post-171213\" class=\"post-171213 project type-project status-publish format-standard has-post-thumbnail hentry pj-categs-kassid\" data-category=\"kassid\">\n\t<div class=\"project_outer\">\n\t<figure class=\"cmsms_img_rollover_wrap preloader\"><img loading=\"lazy\" decoding=\"async\" width=\"580\" height=\"460\" src=\"https:\/\/greydogs.ee\/2015\/wp-content\/uploads\/2026\/04\/IMG_2809-580x460.jpeg\" class=\"full-width wp-post-image\" alt=\"5770\" title=\"5770\" \/><div class=\"cmsms_img_rollover\"><a href=\"https:\/\/greydogs.ee\/2015\/project\/shablon-2-301\/\" title=\"5770\" class=\"cmsms_open_post_link\"><\/a><\/div><\/figure><div class=\"project_inner\"><header class=\"cmsms_project_header entry-header\"><h6 class=\"cmsms_project_title entry-title\"><a href=\"https:\/\/greydogs.ee\/2015\/project\/shablon-2-301\/\">5770<\/a><\/h6><\/header><\/div><span class=\"dn meta-date\">20260414113016<\/span>\t\t<div class=\"cl\"><\/div>\n\t<\/div>\n<\/article>\n<!--_________________________ Finish Standard Project _________________________ -->\n\n\n<!--_________________________ Start Standard Project _________________________ -->\n\n<article id=\"post-171208\" class=\"post-171208 project type-project status-publish format-standard has-post-thumbnail hentry pj-categs-kassid\" data-category=\"kassid\">\n\t<div class=\"project_outer\">\n\t<figure class=\"cmsms_img_rollover_wrap preloader\"><img loading=\"lazy\" decoding=\"async\" width=\"580\" height=\"460\" src=\"https:\/\/greydogs.ee\/2015\/wp-content\/uploads\/2026\/04\/IMG_2808-580x460.jpeg\" class=\"full-width wp-post-image\" alt=\"5769\" title=\"5769\" \/><div class=\"cmsms_img_rollover\"><a href=\"https:\/\/greydogs.ee\/2015\/project\/shablon-2-300\/\" title=\"5769\" class=\"cmsms_open_post_link\"><\/a><\/div><\/figure><div class=\"project_inner\"><header class=\"cmsms_project_header entry-header\"><h6 class=\"cmsms_project_title entry-title\"><a href=\"https:\/\/greydogs.ee\/2015\/project\/shablon-2-300\/\">5769<\/a><\/h6><\/header><\/div><span class=\"dn meta-date\">20260413190456<\/span>\t\t<div class=\"cl\"><\/div>\n\t<\/div>\n<\/article>\n<!--_________________________ Finish Standard Project _________________________ -->\n\n\n<!--_________________________ Start Standard Project _________________________ -->\n\n<article id=\"post-171126\" class=\"post-171126 project type-project status-publish format-standard has-post-thumbnail hentry pj-categs-kassid\" data-category=\"kassid\">\n\t<div class=\"project_outer\">\n\t<figure class=\"cmsms_img_rollover_wrap preloader\"><img loading=\"lazy\" decoding=\"async\" width=\"580\" height=\"453\" src=\"https:\/\/greydogs.ee\/2015\/wp-content\/uploads\/2026\/04\/IMG_2711-580x453.jpeg\" class=\"full-width wp-post-image\" alt=\"5768\" title=\"5768\" \/><div class=\"cmsms_img_rollover\"><a href=\"https:\/\/greydogs.ee\/2015\/project\/5768\/\" title=\"5768\" class=\"cmsms_open_post_link\"><\/a><\/div><\/figure><div class=\"project_inner\"><header class=\"cmsms_project_header entry-header\"><h6 class=\"cmsms_project_title entry-title\"><a href=\"https:\/\/greydogs.ee\/2015\/project\/5768\/\">5768<\/a><\/h6><\/header><\/div><span class=\"dn meta-date\">20260401170106<\/span>\t\t<div class=\"cl\"><\/div>\n\t<\/div>\n<\/article>\n<!--_________________________ Finish Standard Project _________________________ -->\n\n\n<!--_________________________ Start Standard Project _________________________ -->\n\n<article id=\"post-171028\" class=\"post-171028 project type-project status-publish format-standard has-post-thumbnail hentry pj-categs-kassid\" data-category=\"kassid\">\n\t<div class=\"project_outer\">\n\t<figure class=\"cmsms_img_rollover_wrap preloader\"><img loading=\"lazy\" decoding=\"async\" width=\"580\" height=\"460\" src=\"https:\/\/greydogs.ee\/2015\/wp-content\/uploads\/2026\/03\/IMG_2660-580x460.jpeg\" class=\"full-width wp-post-image\" alt=\"5763\" title=\"5763\" \/><div class=\"cmsms_img_rollover\"><a href=\"https:\/\/greydogs.ee\/2015\/project\/5763\/\" title=\"5763\" class=\"cmsms_open_post_link\"><\/a><\/div><\/figure><div class=\"project_inner\"><header class=\"cmsms_project_header entry-header\"><h6 class=\"cmsms_project_title entry-title\"><a href=\"https:\/\/greydogs.ee\/2015\/project\/5763\/\">5763<\/a><\/h6><\/header><\/div><span class=\"dn meta-date\">20260324173620<\/span>\t\t<div class=\"cl\"><\/div>\n\t<\/div>\n<\/article>\n<!--_________________________ Finish Standard Project _________________________ -->\n\n\n<!--_________________________ Start Standard Project _________________________ -->\n\n<article id=\"post-171011\" class=\"post-171011 project type-project status-publish format-standard has-post-thumbnail hentry pj-categs-kassid\" data-category=\"kassid\">\n\t<div class=\"project_outer\">\n\t<figure class=\"cmsms_img_rollover_wrap preloader\"><img loading=\"lazy\" decoding=\"async\" width=\"580\" height=\"460\" src=\"https:\/\/greydogs.ee\/2015\/wp-content\/uploads\/2026\/03\/IMG_2658-580x460.jpeg\" class=\"full-width wp-post-image\" alt=\"5762\" title=\"5762\" \/><div class=\"cmsms_img_rollover\"><a href=\"https:\/\/greydogs.ee\/2015\/project\/5762\/\" title=\"5762\" class=\"cmsms_open_post_link\"><\/a><\/div><\/figure><div class=\"project_inner\"><header class=\"cmsms_project_header entry-header\"><h6 class=\"cmsms_project_title entry-title\"><a href=\"https:\/\/greydogs.ee\/2015\/project\/5762\/\">5762<\/a><\/h6><\/header><\/div><span class=\"dn meta-date\">20260323094817<\/span>\t\t<div class=\"cl\"><\/div>\n\t<\/div>\n<\/article>\n<!--_________________________ Finish Standard Project _________________________ -->\n\n\n<!--_________________________ Start Standard Project _________________________ -->\n\n<article id=\"post-171008\" class=\"post-171008 project type-project status-publish format-standard has-post-thumbnail hentry pj-categs-kassid\" data-category=\"kassid\">\n\t<div class=\"project_outer\">\n\t<figure class=\"cmsms_img_rollover_wrap preloader\"><img loading=\"lazy\" decoding=\"async\" width=\"580\" height=\"460\" src=\"https:\/\/greydogs.ee\/2015\/wp-content\/uploads\/2026\/03\/IMG_2657-580x460.jpeg\" class=\"full-width wp-post-image\" alt=\"5761\" title=\"5761\" \/><div class=\"cmsms_img_rollover\"><a href=\"https:\/\/greydogs.ee\/2015\/project\/5761\/\" title=\"5761\" class=\"cmsms_open_post_link\"><\/a><\/div><\/figure><div class=\"project_inner\"><header class=\"cmsms_project_header entry-header\"><h6 class=\"cmsms_project_title entry-title\"><a href=\"https:\/\/greydogs.ee\/2015\/project\/5761\/\">5761<\/a><\/h6><\/header><\/div><span class=\"dn meta-date\">20260323094718<\/span>\t\t<div class=\"cl\"><\/div>\n\t<\/div>\n<\/article>\n<!--_________________________ Finish Standard Project _________________________ -->\n\n\n<!--_________________________ Start Standard Project _________________________ -->\n\n<article id=\"post-170987\" class=\"post-170987 project type-project status-publish format-standard has-post-thumbnail hentry pj-categs-kassid\" data-category=\"kassid\">\n\t<div class=\"project_outer\">\n\t<figure class=\"cmsms_img_rollover_wrap preloader\"><img loading=\"lazy\" decoding=\"async\" width=\"580\" height=\"417\" src=\"https:\/\/greydogs.ee\/2015\/wp-content\/uploads\/2026\/03\/IMG_2632-580x417.jpeg\" class=\"full-width wp-post-image\" alt=\"5760\" title=\"5760\" \/><div class=\"cmsms_img_rollover\"><a href=\"https:\/\/greydogs.ee\/2015\/project\/5760\/\" title=\"5760\" class=\"cmsms_open_post_link\"><\/a><\/div><\/figure><div class=\"project_inner\"><header class=\"cmsms_project_header entry-header\"><h6 class=\"cmsms_project_title entry-title\"><a href=\"https:\/\/greydogs.ee\/2015\/project\/5760\/\">5760<\/a><\/h6><\/header><\/div><span class=\"dn meta-date\">20260319181904<\/span>\t\t<div class=\"cl\"><\/div>\n\t<\/div>\n<\/article>\n<!--_________________________ Finish Standard Project _________________________ -->\n\n<\/div><div class=\"cmsms_wrap_more_projects cmsms_wrap_more_items\"><div class=\"cmsms_wrap_pagination\"><ul class='page-numbers'>\n\t<li><span aria-current=\"page\" class=\"page-numbers current\">1<\/span><\/li>\n\t<li><a class=\"page-numbers\" href=\"https:\/\/greydogs.ee\/2015\/wp-json\/wp\/v2\/pages\/4347\/page\/2\/\">2<\/a><\/li>\n\t<li><a class=\"page-numbers\" href=\"https:\/\/greydogs.ee\/2015\/wp-json\/wp\/v2\/pages\/4347\/page\/3\/\">3<\/a><\/li>\n\t<li><span class=\"page-numbers dots\">&hellip;<\/span><\/li>\n\t<li><a class=\"page-numbers\" href=\"https:\/\/greydogs.ee\/2015\/wp-json\/wp\/v2\/pages\/4347\/page\/6\/\">6<\/a><\/li>\n\t<li><a class=\"next page-numbers\" href=\"https:\/\/greydogs.ee\/2015\/wp-json\/wp\/v2\/pages\/4347\/page\/2\/\"><span class=\"cmsms_next_arrow\"><span><\/span><\/span><\/a><\/li>\n<\/ul>\n<\/div><\/div><\/div>\n<\/div>\n<\/div>\n<\/div>\n<\/div>\n<\/div>\n<\/div>\n\n","protected":false},"excerpt":{"rendered":"","protected":false},"author":1,"featured_media":0,"parent":0,"menu_order":0,"comment_status":"closed","ping_status":"closed","template":"","meta":{"footnotes":""},"class_list":["post-4347","page","type-page","status-publish","hentry"],"_links":{"self":[{"href":"https:\/\/greydogs.ee\/2015\/wp-json\/wp\/v2\/pages\/4347","targetHints":{"allow":["GET"]}}],"collection":[{"href":"https:\/\/greydogs.ee\/2015\/wp-json\/wp\/v2\/pages"}],"about":[{"href":"https:\/\/greydogs.ee\/2015\/wp-json\/wp\/v2\/types\/page"}],"author":[{"embeddable":true,"href":"https:\/\/greydogs.ee\/2015\/wp-json\/wp\/v2\/users\/1"}],"replies":[{"embeddable":true,"href":"https:\/\/greydogs.ee\/2015\/wp-json\/wp\/v2\/comments?post=4347"}],"version-history":[{"count":6,"href":"https:\/\/greydogs.ee\/2015\/wp-json\/wp\/v2\/pages\/4347\/revisions"}],"predecessor-version":[{"id":144359,"href":"https:\/\/greydogs.ee\/2015\/wp-json\/wp\/v2\/pages\/4347\/revisions\/144359"}],"wp:attachment":[{"href":"https:\/\/greydogs.ee\/2015\/wp-json\/wp\/v2\/media?parent=4347"}],"curies":[{"name":"wp","href":"https:\/\/api.w.org\/{rel}","templated":true}]}}